0
Let c(r) = 3*r**2 + 1712*r + 10238. Determine c(-6).
74
Let m(y) = 152*y - 7302. Determine m(48).
-6
Let a(z) = -18*z**3 - z**2 - 24*z + 84. What is a(3)?
-483
Let b(x) = -2*x**2 - 36*x - 11. Give b(-13).
119
Let o(t) = -294*t + 29983. What is o(102)?
-5
Let v(w) = 73*w + 2211. What is v(-30)?
21
Let z(t) = -252*t - 1019. Give z(-4).
-11
Let r(i) = 2*i**3 + 97*i**2 + 322*i + 325. Give r(-45).
10
Let x(h) = -2*h + 90. Give x(38).
14
Let n(b) = 5*b + 210. Calculate n(-37).
25
Let m(r) = -2*r**2 + 38*r + 269. Give m(26).
-95
Let h(p) = p**3 + 10*p**2 - 26*p + 1. Determine h(-11).
166
Let r(p) = -p**3 - 721*p**2 - 5699*p + 30. Give r(-8).
-10
Let g(d) = -4*d**2 - 8*d + 35. What is g(9)?
-361
Let p(i) = 13*i**2 + 371*i - 171. What is p(-29)?
3
Let g(x) = x**3 + 9*x**2 - 17*x + 24. What is g(-11)?
-31
Let x(y) = 3*y**2 - 21*y + 9. Give x(6).
-9
Let b(d) = d**2 - 111*d - 23655. Give b(-108).
-3
Let o(i) = -38*i - 1375. Determine o(-36).
-7
Let r(x) = x**3 - 43*x**2 - 52*x + 362. What is r(44)?
10
Let p(w) = w**2 + 2008*w - 12080. What is p(6)?
4
Let h(w) = -26*w**2 - 100*w - 7. Determine h(-4).
-23
Let d(z) = z**3 - z**2 - 4*z + 50. Determine d(0).
50
Let y(v) = -7*v + 12. Calculate y(15).
-93
Let o(h) = -2*h**3 + 44*h**2 - 112*h - 47. Calculate o(19).
-9
Let u(s) = 30*s + 75. Give u(-12).
-285
Let a(x) = 14*x**2 + 374*x - 141. Determine a(-27).
-33
Let d(x) = -56*x + 148. Determine d(-15).
988
Let i(w) = w**2 - 1902*w + 5705. Calculate i(3).
8
Let c(r) = 55*r + 137. What is c(-2)?
27
Let m(c) = c**3 - 16*c**2 - 121*c + 12. Calculate m(-5).
92
Let s(v) = 118*v - 179. What is s(4)?
293
Let k(z) = -857*z + 53141. Give k(62).
7
Let b(n) = 12*n**2 - 46*n - 6. Give b(4).
2
Let l(w) = 65*w + 582. Give l(-21).
-783
Let z(t) = 3*t**3 + 58*t**2 + 21*t + 37. Calculate z(-19).
-1
Let y(s) = 3*s**2 + 188*s - 195. Calculate y(-64).
61
Let k(c) = 208*c + 5312. Calculate k(-25).
112
Let h(j) = 2*j**2 + 55*j + 209. What is h(-23)?
2
Let b(l) = -l**3 - 66*l**2 - 81*l - 1078. What is b(-65)?
-38
Let y(r) = 356*r - 2841. Give y(8).
7
Let p(b) = -2*b**2 + 76*b - 270. Give p(30).
210
Let h(q) = 12*q**2 - 102*q - 64. Calculate h(10).
116
Let v(p) = 70*p**2 + 221*p + 4. Calculate v(-3).
-29
Let s(x) = -65*x + 106. Give s(2).
-24
Let k(p) = 6*p**2 + 5*p - 20. Give k(-5).
105
Let k(i) = 276*i + 2507. Determine k(-9).
23
Let l(r) = -17*r + 403. Calculate l(33).
-158
Let z(q) = -q**3 - 28*q**2 - 49*q + 40. What is z(-26)?
-38
Let n(o) = 61*o**2 - 1397*o - 135. Give n(23).
3
Let u(l) = l**2 + 5128*l - 20533. What is u(4)?
-5
Let o(y) = -3*y**3 - 14*y**2 - 35*y - 120. Determine o(-4).
-12
Let s(o) = 13*o**2 + 173*o + 172. Give s(-12).
-32
Let y(b) = -36*b + 286. What is y(8)?
-2
Let i(n) = 71*n**2. Calculate i(1).
71
Let f(a) = a**3 + 37*a**2 + 179*a - 662. Calculate f(-30).
268
Let j(a) = -859*a - 25764. What is j(-30)?
6
Let r(z) = -15*z**2 + 215*z - 15. Calculate r(14).
55
Let z(f) = 108*f + 2990. What is z(-28)?
-34
Let f(q) = 7*q**2 + 3*q + 10. Determine f(4).
134
Let i(o) = -o**2 + 117*o + 1262. Determine i(-10).
-8
Let s(t) = -t**3 + 87*t**2 - 1387*t + 97. Determine s(66).
31
Let m(f) = -f**3 - 125*f**2 + 386*f + 237. What is m(-128)?
-19
Let z(x) = -247*x + 52813. Calculate z(214).
-45
Let p(g) = -g**2 + 13*g - 57. Calculate p(15).
-87
Let u(l) = l**3 - 111*l**2 + 544*l - 1494. Give u(106).
-10
Let o(m) = -155*m + 2782. Determine o(18).
-8
Let w(f) = 3*f**3 + 736*f**2 + 737*f + 2. Calculate w(-1).
-2
Let r(m) = -3*m**2 + 18*m + 268. Calculate r(-8).
-68
Let z(i) = -i**2 - 61*i + 1421. What is z(-79)?
-1
Let f(d) = -186*d - 1601. What is f(-9)?
73
Let g(t) = 6*t + 22. Determine g(2).
34
Let t(g) = g**2 - 15*g - 359. Determine t(26).
-73
Let l(v) = 388*v + 1165. Determine l(-3).
1
Let h(s) = -602*s + 1256. Determine h(2).
52
Let o(i) = -2*i**3 + 21*i**2 + 12*i - 51. Calculate o(11).
-40
Let l(z) = 26*z - 372. What is l(15)?
18
Let x(o) = -o**2 - 17*o - 21. Give x(-16).
-5
Let i(f) = f**3 - 5*f**2 - 28*f + 10. Give i(9).
82
Let w(c) = -c**3 - 28*c**2 - 50*c + 49. What is w(-26)?
-3
Let m(r) = -7*r**2 - 410*r - 4868. Determine m(-42).
4
Let u(a) = -39*a**2 - 7*a - 9. Give u(-2).
-151
Let t(z) = -2*z**3 + 47*z**2 + 6*z - 664. What is t(23)?
3
Let l(s) = -11*s - 106. Determine l(-14).
48
Let t(x) = 2*x**3 + 18*x**2 - 140*x - 25. Determine t(-14).
-25
Let c(z) = -537*z - 9135. Determine c(-17).
-6
Let q(y) = -y**3 + 3*y**2 - 10*y + 94. Give q(5).
-6
Let u(d) = -246*d - 3193. Give u(-13).
5
Let v(x) = -x**3 - 4*x**2 + 12*x - 12. Give v(-6).
-12
Let p(w) = -5*w**2 - 297*w - 299. Determine p(-1).
-7
Let y(v) = -3*v**3 - 80*v**2 - 49*v - 35. What is y(-26)?
-113
Let b(t) = -35*t**2 + 35*t + 60. Calculate b(2).
-10
Let b(c) = -c**3 + 107*c**2 + 256*c - 4157. Determine b(109).
-15
Let p(z) = z**2 - 35*z - 459. Calculate p(-9).
-63
Let j(n) = 2*n**2 - 111*n - 536. Determine j(60).
4
Let b(t) = 106*t - 194. Give b(2).
18
Let n(i) = 6*i**3 + 5*i**2 - 15*i + 1. What is n(4)?
405
Let t(d) = -8*d**2 - 4*d + 4. Determine t(1).
-8
Let f(s) = -s**2 - 75*s - 1016. Calculate f(-18).
10
Let c(t) = -t**3 + 2*t**2 + t + 159. What is c(0)?
159
Let g(v) = -v**3 + 8*v**2 + 2*v + 45. What is g(9)?
-18
Let y(u) = -4*u**2 - 9*u + 26. What is y(-4)?
-2
Let f(g) = -290*g**2 + 2042*g - 4. Determine f(7).
80
Let f(r) = 166*r - 34034. Give f(205).
-4
Let g(b) = b**2 - 49*b + 396. Calculate g(41).
68
Let h(t) = -8*t**2 + 3376*t + 10201. Determine h(425).
1
Let w(l) = 26*l + 37. What is w(0)?
37
Let u(i) = -4*i**3 + 90*i**2 - 44*i + 21. What is u(22)?
21
Let u(r) = 12*r**3 + 84*r**2 - 77. What is u(-7)?
-77
Let q(p) = p**2 - 143*p + 3376. What is q(30)?
-14
Let w(m) = m**2 + 22*m - 352. Determine w(10).
-32
Let j(f) = -13*f**2 - 143*f - 42. Calculate j(-10).
88
Let n(u) = -3*u**2 - 126*u - 815. Calculate n(-34).
1
Let g(u) = 2*u**2 + 18*u + 55. Determine g(-7).
27
Let r(d) = -3*d**3 + 34*d**2 - 98*d + 46. What is r(7)?
-3
Let f(k) = 8*k**2 - 223*k + 12. What is f(27)?
-177
Let g(x) = -4*x**2 - 194*x - 752. Calculate g(-44).
40
Let q(r) = r**3 + 73*r**2 - 295*r + 991. Give q(-77).
-10
Let v(q) = -378*q - 114173. Give v(-302).
-17
Let f(s) = s**3 - 18*s**2 - 647*s - 14. Determine f(-18).
-32
Let r(a) = -a**3 - 10*a**2 - a + 55. Give r(-10).
65
Let j(p) = -p**3 + 118*p**2 + 622*p + 30. What is j(-5)?
-5
Let r(v) = v**3 - 89*v**2 + 1476*v - 138. Calculate r(67).
-4
Let d(k) = -k**2 - 15*k - 189. What is d(-32)?
-733
Let z(a) = 6*a**3 - 6*a**2 + 5*a - 5. Determine z(2).
29
Let k(p) = 18*p + 195. Give k(4).
267
Let s(z) = -7*z**2 + 995*z - 1172. What is s(141)?
-44
Let q(o) = -210*o - 2333. Give q(-11).
-23
Let w(r) = -4*r - 86. What is w(-21)?
-2
Let j(a) = a**3 - a**2 + 3*a + 102. Calculate j(0).
102
Let w(l) = l - 45. Give w(11).
-34
Let d(n) = 4*n**3 - 29*n**2 + 54*n - 9. What is d(3)?
0
Let s(m) = m**3 - 3*m**2 + 183*m + 609. Determine s(-3).
6
Let z(t) = 9*t**3 + 3*t**2 + t - 6. Give z(1).
7
Let k(w) = w**3 - 16*w**2 + 24*w - 381. Give k(16).
3
Let g(k) = 5*k**2 - 85*k + 3. Give g(17).
3
Let u(q) = 10*q**3 - 42*q**2 - 4*q + 60. Calculate u(4).
12
Let k(g) = -g**2 - 9*g + 73. Give k(-15).
-17
Let p(n) = n**2 + 187*n + 2680. Give p(-15).
100
Let r(h) = h**3 + 17*h**2 - 14*h + 32. What is r(-18)?
-40
Let c(a) = a**2 + 62*a + 45. Calculate c(-24).
-867
Let p(n) = -13*n + 969. What is p(54)?
267
Let z(v) = -10*v + 19. Give z(-5).
69
Let b(a) = -28*a**2 + 82*a + 576. What is b(-6)?
-924
Let t(l) = l**3 + 24*l**2 + 48*l - 136. Calculate t(-21).
179
Let o(n) = -187*n - 9535. Give o(-51).
2
Let q(u) = -u**2 + 45*u + 2366. Determine q(77).
-98
Let v(d) = d**3 - 13*d**2 - 69*d + 10. Determine v(17).
-7
Let h(o) = -o**3 + 15*o**2 - 14*o - 39. What is h(13)?
117
Let w(u) = -28*u**2 + 196*u - 11. Determine w(6).
157
Let s(b) = b**3 + 54*b**2 + 692*b - 10. Give s(-21).
11
Let g(t) = 454*t + 30862. What is g(-68)?
-10
Let i(r) = -6*r + 38. Give i(-23).
176
Let l(x) = -x**2 - 53*x + 30. What is l(-53)?
30
Let v(t) = t**2 + 15*t + 31. Calculate v(-4).
-13
Let i(j) = 18*j + 730. What is i(-41)?
-8
Let o(w) = 27*w + 140. Give o(-6).
-22
Let v(r) = r**3 - 8*r**2 - 15*r + 80. Determine v(6).
-82
Let j(c) = -783*c + 29757. What is j(38)?
3
Let y(h) = 19*h**2 + 24*h - 277. What is y(7)?
822
Let v(y) = 234*y - 2541. What is v(1